uppose 4*n - n = 5*f + 196, 4*f = -2*n + 94. What is the highest common divisor of 76 and n?
19
Suppose 0 = z + s - 2*s - 6, z - 2*s - 9 = 0. Suppose 2 = 5*f - z. Let g = 4 + 7. Calculate the highest common divisor of g and f.
1
Let g(r) = -12*r - 36. Let v be g(-9). What is the highest common divisor of 9 and v?
9
Suppose -6 - 2 = -8*c. What is the greatest common factor of 5 and c?
1
Suppose -3*g + 81 + 51 = 0. Let v be (-10)/(-3) + (-4)/(-6). What is the greatest common factor of g and v?
4
Suppose 0 = 5*s - 19 - 56. Let u be 1/2*2 + 4. Suppose -4*f = -u*q + 70, -4*q - 4*f + s + 41 = 0. Calculate the greatest common divisor of q and 56.
14
Let k be (-1 - 1) + (2 - 2). Let f be k/11 - (-1524)/33. Calculate the highest common factor of 23 and f.
23
Let k(i) = 0*i**3 + 11*i + 10 + 7*i**2 - i**3 - 3*i. Let p be k(7). What is the greatest common divisor of 6 and p?
6
Suppose -156 = -8*f - 36. Let y(n) = 5*n**3 + n**2 + 1. Let w be y(2). What is the highest common divisor of w and f?
15
Suppose y - 1 - 5 = 0. Suppose -11*u = -18*u + 294. What is the greatest common divisor of u and y?
6
Let d be 1*(-3)/6*-22. What is the highest common factor of d and 176?
11
Let l be -1*3/6*-2. Let q be ((-3)/(3/(-28)))/l. Let i(b) = b**2 + 6*b - 13. Let f be i(-11). Calculate the highest common factor of f and q.
14
Let u be 274/6 + (-13)/(-39). Let p = u - 16. Calculate the highest common factor of 20 and p.
10
Suppose 2*t - 7*t = 2*u + 63, 20 = -4*t. Let j = -4 - u. Calculate the highest common divisor of j and 120.
15
Let s be (3 - (1 - -1))*1. Calculate the greatest common factor of 10 and s.
1
Let d be 6*((-15)/(-6) + -2). Let l be 1*3*2/d. Suppose 4*a + 16 = 0, 3*h - 7 = -2*h - l*a. Calculate the greatest common divisor of h and 24.
3
Let k be (1 - 0)/(-4) + 65/4. What is the greatest common factor of 16 and k?
16
Suppose -g + 167 = -3*j, g + 3*j - 13 = 172. Calculate the highest common divisor of 16 and g.
16
Let m = -78 + 77. Let o(c) = -1 + 4 - 9*c - 4. Let b be o(m). What is the greatest common factor of b and 32?
8
Suppose -12*d + 24 = -10*d. Let q be (-2)/8 + 962/8. What is the greatest common factor of q and d?
12
Suppose 0*n = -3*n + r + 20, -40 = -3*n - 4*r. Suppose n = -5*b + 6*b. Calculate the greatest common factor of 1 and b.
1
Suppose -3*v = -4*t - 90, 5*t - t = v - 30. Calculate the highest common divisor of v and 10.
10
Suppose -5*s - 2*x + 156 = -0*x, 0 = x - 3. Let d be (-1 - (-1)/(-1)) + 12. What is the greatest common divisor of s and d?
10
Suppose 162 + 153 = 5*z. What is the greatest common factor of z and 42?
21
Suppose -4*c - 20 = -8*m + 4*m, -4*m - c + 20 = 0. Suppose -120 = m*n - 10*n. What is the highest common divisor of n and 36?
12
Let h be 2 - ((-9)/3 + -17). Suppose d - 3*d = -2*z - h, -4*d + 2*z = -38. Calculate the greatest common divisor of d and 88.
8
Suppose -x + 2*x - 2 = 0. Suppose 2*d + 2*d = r + x, 0 = -r + 5*d - 5. Let p = -47 - -87. Calculate the greatest common divisor of p and r.
10
Let v = 14 + 2. Calculate the greatest common divisor of 24 and v.
8
Suppose 6*r - 28 = 4*r - 4*x, -4*x + 48 = 4*r. What is the greatest common divisor of r and 20?
10
Suppose -12*n + 12 = -11*n. What is the greatest common factor of 24 and n?
12
Suppose -2*s - 14*s = -768. Calculate the greatest common factor of 3 and s.
3
Suppose 4*f = 7 + 17. Suppose 4*m - 24 = 4*i, 5*m - f*i = -4*i + 18. Let w be (-162)/(-5) - m/5. Calculate the highest common factor of 80 and w.
16
Let d = 17 + -10. Suppose -4*w + 529 + 1011 = 0. Suppose -5*c - 3*h + w = 0, -5*h + 92 - 15 = c. Calculate the greatest common divisor of c and d.
7
Suppose 3*u - 2*v = -0*v + 687, -v + 927 = 4*u. Calculate the highest common divisor of u and 21.
21
Suppose 4*u - 4*v + 40 = 0, -v + 27 = -3*u - 9. Let w = 1 - u. Calculate the greatest common factor of 28 and w.
14
Let u(w) = -w**2 - 9*w + 30. Let f be u(-10). What is the greatest common divisor of f and 80?
20
Let h(j) = 5*j. Let b be h(1). Suppose b*g + 0*g + 15 = 0, 0 = 4*a + g + 7. Let z be a/2 - (-133)/2. Calculate the greatest common divisor of z and 6.
6
Let j = 4 - 3. Let m = 0 + 1. Let v(a) = 2*a**3 - 2*a + 1. Let p be v(m). Calculate the highest common factor of p and j.
1
Let z = 108 - 66. What is the highest common divisor of 12 and z?
6
Let i be 165/(-9) - (-2)/6. Let w be (1 + 2)/(-3)*i. Suppose -3*n = -w - 12. What is the greatest common divisor of n and 5?
5
Let q(s) = 28*s**2 + s - 3. Let w be q(3). Let z = 176 - 148. What is the highest common factor of z and w?
28
Let t(k) = -9*k + 1. Let c be t(-4). Let v = -21 + c. Calculate the greatest common factor of v and 40.
8
Let o = -6 - -7. Let b be (2/o)/(-2) + 21. What is the greatest common divisor of 4 and b?
4
Let n = 27 - 15. Suppose -2*s + n = 4*m, s + 4*m - 2 = -0*s. What is the greatest common factor of 5 and s?
5
Let h be ((-6)/(-15))/(4/10)*32. Let w = -11 + 19. What is the greatest common divisor of h and w?
8
Suppose -57 = 5*j + b - 4*b, 2*j + 4*b + 28 = 0. Let o = -7 - j. Suppose -56 = -w + 2*f + f, -4*f = 3*w - 142. What is the highest common factor of o and w?
5
Let d(t) = -5 + 17 + 2*t - t. Let u be d(-9). Suppose -4*l = -5*m - 48, 4*m = u*l + 3*m - 36. What is the greatest common factor of l and 18?
6
Suppose -2*l + 5*l - 24 = -4*b, 4*l + 5*b - 33 = 0. What is the highest common factor of 30 and l?
6
Suppose 19 - 4 = 3*p. Let y be (p/5)/((-1)/(-7)). Calculate the highest common factor of y and 7.
7
Let s be 414/6 - (-1 + 4). Calculate the highest common divisor of s and 6.
6
Let b(p) = -2*p + 2. Let f be b(-4). Let y = 46 - 42. What is the greatest common divisor of f and y?
2
Suppose n = -n + 210. Let m(v) = -5*v**3 + v**2 - v - 1. Let f be m(-1). Suppose -2*b + f + 24 = 0. Calculate the highest common divisor of b and n.
15
Let s(q) = 2*q - 1. Let a be s(2). What is the greatest common divisor of 12 and a?
3
Let h be (10 - (-1)/(-1)) + -1. Calculate the highest common divisor of 2 and h.
2
Suppose 67 = 4*v - l, 0*v + 2*l = -3*v + 42. What is the greatest common factor of v and 16?
16
Let t(w) = w**2 - 14*w + 40. Let r be t(12). Let z be 4/14 + (-166)/(-7). What is the highest common factor of r and z?
8
Suppose 30 = 5*d - 5*c, d - 2*c + 3 = 7. What is the highest common factor of 8 and d?
8
Let t = -2 - -4. Suppose -t*u = -0*u - 28. Calculate the highest common factor of 28 and u.
14
Let y = -170 + 94. Let u = y + 120. Let w be 10/3 - 4/(-6). What is the greatest common factor of w and u?
4
Let r(m) = -m**2 + 19*m + 14. Let t(l) = -l**3 - 11*l**2 + 12*l + 14. Let x be t(-12). Let g be r(x). Calculate the greatest common divisor of 21 and g.
21
Suppose 3*f + g = 73, -5*f + 2*g = -115 - 25. Let s be -3 - 5*(0/(-2) + -37). Calculate the greatest common divisor of f and s.
26
Suppose -3*k - 90 = -8*k. What is the greatest common factor of k and 9?
9
Let n = -84 + 144. Suppose -4*o + n + 16 = 0. What is the highest common factor of 152 and o?
19
Suppose 25 + 75 = 5*s. Let h = -8 + s. Suppose -k + 2*o = 6*o - 24, -2*k - 4*o + 36 = 0. Calculate the highest common divisor of h and k.
12
Let t(g) = 4*g - 15. Let c be (6/(-9))/((-2)/48). Let q be t(c). What is the highest common factor of q and 7?
7
Let f(m) = -m**3 - 11*m**2 - 21*m - 20. Let v be f(-10). What is the greatest common divisor of v and 10?
10
Let m = -19 + 27. Suppose 7 + m = 5*j. Suppose -j*a = -2*a - 2. What is the highest common divisor of 22 and a?
2
Let u be 8/6 + 2824/24. Let s = 45 - 28. Calculate the highest common factor of s and u.
17
Let b(m) = -m**2 + 16*m - 3. Let i be b(15). What is the highest common divisor of 36 and i?
12
Let d be (10/4)/(3/6). Suppose 43 = 4*x + f - 49, -d*f = 4*x - 76. Calculate the highest common factor of x and 6.
6
Let l(h) = 10*h - 35. Let p be l(10). Calculate the greatest common factor of 5 and p.
5
Let g(j) = 2*j**2 + j + 3. Let f be g(-2). What is the greatest common divisor of f and 72?
9
Let i(n) be the third derivative of n**5/60 - n**4/8 + 7*n**3/6 + n**2. Let h be i(-7). Suppose 9 = -2*m + h. What is the greatest common factor of m and 51?
17
Let n = -5 - 13. Let x be (-227)/(-9) + 4/n. Calculate the highest common factor of 5 and x.
5
Let r = 37 + -20. Let j be (-818)/(-6) - 0 - 4/12. Calculate the greatest common divisor of j a